, 466357
What are the prime factors of 2109110899?
7, 17, 2447, 7243
List the prime factors of 1078497661.
41, 641581
What are the prime factors of 3524705791?
29, 79, 1538501
List the prime factors of 47982476.
2, 11995619
What are the prime factors of 3434400809?
7, 17, 83, 347717
What are the prime factors of 87678315?
3, 5, 649469
List the prime factors of 58225324.
2, 479, 30389
List the prime factors of 513103440.
2, 3, 5, 2137931
What are the prime factors of 51065147?
7, 1019, 7159
What are the prime factors of 14022643?
73, 192091
What are the prime factors of 445431511?
7, 739, 12301
List the prime factors of 1227996340.
2, 5, 239, 256903
List the prime factors of 502705122.
2, 3, 83784187
What are the prime factors of 2163117441?
3, 13799, 52253
List the prime factors of 114871486.
2, 73, 137, 5743
List the prime factors of 1445746972.
2, 23, 89, 317, 557
What are the prime factors of 916819027?
17, 19, 2838449
List the prime factors of 2418722373.
3, 6793, 118687
List the prime factors of 5689632515.
5, 7, 162560929
What are the prime factors of 82596928?
2, 61, 21157
List the prime factors of 588979981.
588979981
What are the prime factors of 412528838?
2, 206264419
List the prime factors of 1530175726.
2, 43, 911, 19531
What are the prime factors of 790249314?
2, 3, 307, 429017
What are the prime factors of 462067495?
5, 937, 98627
What are the prime factors of 441034895?
5, 7, 227, 55511
List the prime factors of 1180824.
2, 3, 49201
What are the prime factors of 113024310?
2, 3, 5, 7, 29, 67, 277
List the prime factors of 49965207.
3, 37, 450137
List the prime factors of 2153230237.
449, 4795613
What are the prime factors of 15049687?
277, 54331
List the prime factors of 11142151.
19, 586429
List the prime factors of 187493228.
2, 13, 79, 45641
List the prime factors of 24770443.
24770443
What are the prime factors of 80266150?
2, 5, 1605323
List the prime factors of 716899342.
2, 358449671
List the prime factors of 1277044370.
2, 5, 7, 1223, 2131
List the prime factors of 509787764.
2, 127446941
What are the prime factors of 73650415?
5, 14730083
List the prime factors of 35572254.
2, 3, 5928709
What are the prime factors of 32402017?
17, 1009, 1889
What are the prime factors of 1787864443?
47, 38039669
List the prime factors of 1514384343.
3, 73, 193, 1327
What are the prime factors of 91555376?
2, 11, 19, 131
List the prime factors of 96738369.
3, 7, 13, 354353
What are the prime factors of 591651615?
3, 5, 113, 3089
List the prime factors of 380772273.
3, 7, 17, 359, 2971
What are the prime factors of 80239412?
2, 11, 367, 4969
List the prime factors of 6539558192.
2, 37, 47, 61, 3853
What are the prime factors of 178984393?
7, 41, 73, 8543
What are the prime factors of 335066996?
2, 11, 7615159
What are the prime factors of 197222681?
197222681
List the prime factors of 66380387.
66380387
List the prime factors of 9246033.
3, 41, 25057
List the prime factors of 247264447.
263, 940169
What are the prime factors of 40769838?
2, 3, 61, 12377
What are the prime factors of 715624208?
2, 13, 19, 23, 7873
What are the prime factors of 4854707?
11, 13, 17, 1997
List the prime factors of 164936166.
2, 3, 29, 103, 9203
List the prime factors of 837852209.
837852209
What are the prime factors of 518472411?
3, 29, 199, 29947
What are the prime factors of 33136450?
2, 5, 131, 5059
What are the prime factors of 53439683?
11, 239, 20327
List the prime factors of 1862093.
47, 39619
What are the prime factors of 1000379982?
2, 3, 7, 19, 31, 53, 109
What are the prime factors of 808961508?
2, 3, 59, 380867
List the prime factors of 3506210622.
2, 3, 47, 4144457
List the prime factors of 40982436.
2, 3, 11, 3833
List the prime factors of 26336281.
17, 91129
List the prime factors of 2289902638.
2, 751, 1524569
What are the prime factors of 750300620?
2, 5, 37515031
What are the prime factors of 19324928?
2, 7, 337
List the prime factors of 6425148.
2, 3, 569, 941
List the prime factors of 905336445.
3, 5, 13, 17, 79, 3457
List the prime factors of 173902137.
3, 57967379
What are the prime factors of 388405929?
3, 129468643
What are the prime factors of 106287819?
3, 11, 929, 3467
What are the prime factors of 1201303307?
59, 1811, 11243
List the prime factors of 51424365.
3, 5, 1759, 1949
What are the prime factors of 751574304?
2, 3, 13, 191, 1051
What are the prime factors of 866007199?
866007199
What are the prime factors of 75856919?
37, 47, 181, 241
List the prime factors of 758919130.
2, 5, 4177, 18169
List the prime factors of 85926183.
3, 7, 23, 73, 2437
What are the prime factors of 37094385?
3, 5, 2472959
List the prime factors of 32756102.
2, 16378051
What are the prime factors of 281827743?
3, 1013, 92737
List the prime factors of 3458218727.
17, 37, 5497963
List the prime factors of 70452420.
2, 3, 5, 17, 239
List the prime factors of 220825274.
2, 17, 6494861
List the prime factors of 88285396.
2, 29, 31, 24551
What are the prime factors of 142373385?
3, 5, 7, 11, 17, 2417
List the prime factors of 192480519.
3, 7, 11, 31, 26879
List the prime factors of 165429211.
165429211
What are the prime factors of 235247191?
5987, 39293
What are the prime factors of 2513850188?
2, 628462547
List the prime factors of 27777348.
2, 3, 79, 9767
What are the prime factors of 52521503?
797, 65899
What are the prime factors of 37324592?
2, 2332787
List the prime factors of 106351190.
2, 5, 11, 379, 2551
List the prime factors of 123739173.
3, 13748797
List the prime factors of 351159312.
2, 3, 7, 1045117
List the prime factors of 25582246.
2, 17, 19, 199
What are the prime factors of 2901376534?
2, 7, 37, 800159
List the prime factors of 41718667.
41718667
List the prime factors of 4470201339.
3, 103, 601, 24071
What are the prime factors of 17955710?
2, 5, 1795571
List the prime factors of 2314502.
2, 1157251
What are the prime factors of 4602383?
4602383
What are the prime factors of 6602426476?
2, 17, 1427, 68041
List the prime factors of 78131488.
2, 281, 8689
List the prime factors of 26895178.
2, 13447589
What are the prime factors of 208759945?
5, 41751989
What are the prime factors of 375089851?
53, 7077167
What are the prime factors of 28205653?
7, 4029379
List the prime factors of 682271603.
13, 29, 157, 11527
What are the prime factors of 59727122?
2, 7, 13, 328171
What are the prime factors of 657580138?
2, 328790069
What are the prime factors of 623747014?
2, 11, 743, 3469
What are the prime factors of 503192664?
2, 3, 13, 537599
List the prime factors of 710273860.
2, 5, 31, 59, 19417
What are the prime factors of 921731253?
3, 307243751
What are the prime factors of 48197281?
11, 19, 31, 43, 173
What are the prime factors of 1188184408?
2, 149, 479, 2081
List the prime factors of 39148483.
11, 3558953
List the prime factors of 543824342.
2, 2273, 119627
List the prime factors of 191542896.
2, 3, 23, 151, 383
List the prime factors of 4828888.
2, 19, 31769
What are the prime factors of 27338802?
2, 3, 4556467
What are the prime factors of 161241954?
2, 3, 631, 42589
List the prime factors of 1048677691.
17, 61686923
What are the prime factors of 110331232?
2, 11, 31, 10111
What are the prime factors of 695657760?
2, 3, 5, 7, 207041
List the prime factors of 795423835.
5, 23, 61, 149, 761
What are the prime factors of 5343047619?
3, 7, 13, 359, 54517
What are the prime factors of 810335120?
2, 5, 7, 101, 14327
List the prime factors of 1272922390.
2, 5, 4409, 28871
List the prime factors of 87391637.
8599, 10163
What are the prime factors of 2977610237?
7, 425372891
What are the prime factors of 659631012?
2, 3, 251, 219001
List the prime factors of 45296154.
2, 3, 23, 67, 71
What are the prime factors of 684733466?
2, 342366733
List the prime factors of 55690222.
2, 7, 23, 97, 1783
List the prime factors of 320469945.
3, 5, 149, 143387
What are the prime factors of 61907812?
2, 17, 23, 1721
List the prime factors of 832537799.
9349, 89051
What are the prime factors of 42183653?
31, 1360763
What are the prime factors of 3900928242?
2, 3, 953, 682219
What are the prime factors of 57599913?
3, 7, 2742853
What are the prime factors of 3151034334?
2, 3, 7, 53, 471853
List the prime factors of 3554499740.
2, 5, 11, 17, 950401
What 